{"id":11,"date":"2019-12-03T14:56:50","date_gmt":"2019-12-03T12:56:50","guid":{"rendered":"http:\/\/saranasolutions.fi\/?page_id=11"},"modified":"2019-12-03T15:13:34","modified_gmt":"2019-12-03T13:13:34","slug":"etusivu","status":"publish","type":"page","link":"https:\/\/saranasolutions.fi\/","title":{"rendered":"Etusivu"},"content":{"rendered":"\n<p>Tarjoamme apua tietotekniikan haasteissa. Erityisosaamistamme on IOT j\u00e4rjestelm\u00e4t ja erilaiset \u00e4lyelektroniikan ratkaisut. <\/p>\n\n\n\n<p>Meilt\u00e4 saat my\u00f6s apua elektroniikan ja prototyyppien suunnitteluun ja valmistukseen.<\/p>\n\n\n\n<figure class=\"wp-block-image size-large is-resized\"><img fetchpriority=\"high\" decoding=\"async\" src=\"http:\/\/saranasolutions.fi\/wp-content\/uploads\/2019\/12\/shallow-focus-photography-of-black-circuit-board-1448561.jpg\" alt=\"\" class=\"wp-image-12\" width=\"728\" height=\"481\"\/><\/figure>\n","protected":false},"excerpt":{"rendered":"<p>Tarjoamme apua tietotekniikan haasteissa. Erityisosaamistamme on IOT j\u00e4rjestelm\u00e4t ja erilaiset \u00e4lyelektroniikan ratkaisut. Meilt\u00e4 saat my\u00f6s apua elektroniikan ja prototyyppien suunnitteluun ja valmistukseen.<\/p>\n","protected":false},"author":1,"featured_media":0,"parent":0,"menu_order":0,"comment_status":"closed","ping_status":"closed","template":"","meta":{"footnotes":""},"class_list":["post-11","page","type-page","status-publish"],"_links":{"self":[{"href":"https:\/\/saranasolutions.fi\/index.php?rest_route=\/wp\/v2\/pages\/11","targetHints":{"allow":["GET"]}}],"collection":[{"href":"https:\/\/saranasolutions.fi\/index.php?rest_route=\/wp\/v2\/pages"}],"about":[{"href":"https:\/\/saranasolutions.fi\/index.php?rest_route=\/wp\/v2\/types\/page"}],"author":[{"embeddable":true,"href":"https:\/\/saranasolutions.fi\/index.php?rest_route=\/wp\/v2\/users\/1"}],"replies":[{"embeddable":true,"href":"https:\/\/saranasolutions.fi\/index.php?rest_route=%2Fwp%2Fv2%2Fcomments&post=11"}],"version-history":[{"count":3,"href":"https:\/\/saranasolutions.fi\/index.php?rest_route=\/wp\/v2\/pages\/11\/revisions"}],"predecessor-version":[{"id":21,"href":"https:\/\/saranasolutions.fi\/index.php?rest_route=\/wp\/v2\/pages\/11\/revisions\/21"}],"wp:attachment":[{"href":"https:\/\/saranasolutions.fi\/index.php?rest_route=%2Fwp%2Fv2%2Fmedia&parent=11"}],"curies":[{"name":"wp","href":"https:\/\/api.w.org\/{rel}","templated":true}]}}